1110100101111101000 + -11?
101011110100101111100101
In base 7, what is -1 + 216444534?
216444533
In base 11, what is 49 + 1654?
16a2
In base 9, what is 5 + 5376643?
5376648
In base 15, what is -47a3cd + 64?
-47a369
In base 8, what is 0 + 12236075?
12236075
In base 5, what is -3 + -340020324?
-340020332
In base 16, what is df - 13dd0b?
-13dc2c
In base 16, what is 4 - -303c884?
303c888
In base 11, what is -2286 + -956?
-3131
In base 14, what is -2065 + 7889?
5824
In base 6, what is 1 - -1104004122?
1104004123
In base 14, what is 38 + b7c59?
b7c93
In base 2, what is 100000110 + -111011000000100?
-111010011111110
In base 12, what is 101 - 6009?
-5b08
In base 8, what is 560 - 215546?
-214766
In base 6, what is -40503002523 + 1?
-40503002522
In base 6, what is 5 + -141225504?
-141225455
In base 12, what is 8b25 + 16?
8b3b
In base 8, what is -432506177 + 3?
-432506174
In base 14, what is 1 - 12b99b62?
-12b99b61
In base 9, what is 64841 - 75?
64755
In base 10, what is -259 - -261105?
260846
In base 2, what is -10010000011100110 - -10111001?
-10010000000101101
In base 3, what is 210 + -22222211002000?
-22222211001020
In base 7, what is -12651 - 51234?
-64215
In base 10, what is 59 - 53566?
-53507
In base 8, what is -55 + 631645?
631570
In base 11, what is -85a912 + -85?
-85a997
In base 16, what is -16e9fa2 - 6?
-16e9fa8
In base 3, what is -2121101120001 - -1012?
-2121101111212
In base 6, what is -2 - -2000424015?
2000424013
In base 8, what is -2072 - -5076?
3004
In base 5, what is -3 + -1030303243203?
-1030303243211
In base 4, what is -331 + -31023?
-32020
In base 2, what is -1111 + 10011010000110101000?
10011010000110011001
In base 3, what is -100212110121221102 - 10?
-100212110121221112
In base 12, what is 2 - -168912?
168914
In base 14, what is -5d + 13a31b?
13a29c
In base 8, what is -24163 - -60511?
34326
In base 14, what is a + 5b35d?
5b369
In base 12, what is -3847a + 4103?
-34377
In base 5, what is -2204321 - 11440?
-2221311
In base 3, what is 2210 - 2100200102?
-2100120122
In base 9, what is 184332540 - -5?
184332545
In base 15, what is -7 - 5c00ac1?
-5c00ac8
In base 2, what is -11 - -10110111111101011?
10110111111101000
In base 9, what is -6 + 138834267?
138834261
In base 2, what is -101 - -11010011101100100000101011110?
11010011101100100000101011001
In base 6, what is -303244 - 4055?
-311343
In base 4, what is 2 - -111000232212?
111000232220
In base 2, what is -1101110010 + 111100110100?
101111000010
In base 8, what is -153 + 1464556?
1464403
In base 4, what is 12010012 + 130?
12010202
In base 11, what is -408531 + -a?
-408540
In base 2, what is 1000011100000 + -10111001101011?
-1110110001011
In base 7, what is 601563200 - 41?
601563126
In base 7, what is 11133 + 1452?
12615
In base 10, what is -1366 + 839?
-527
In base 5, what is 22041 + -224302?
-202211
In base 3, what is 120111121 + -101102?
120010012
In base 9, what is -38703 + 0?
-38703
In base 6, what is -53 + 1000433004?
1000432511
In base 11, what is -4 - -1388011?
1388008
In base 16, what is -5 + -279db12?
-279db17
In base 12, what is b7b92b - 5?
b7b926
In base 8, what is 336 + -15704?
-15346
In base 2, what is 110011011111101 - -10001000101000110?
10111100001000011
In base 9, what is -767456 + 63?
-767383
In base 7, what is 33 + -534246?
-534213
In base 11, what is 39881406 + -3?
39881403
In base 7, what is -65 - 22441?
-22536
In base 10, what is -5 - 13691664?
-13691669
In base 10, what is 65922 - 2273?
63649
In base 2, what is -11 + -1001101110111011110010100000?
-1001101110111011110010100011
In base 9, what is 3385300 - -1?
3385301
In base 10, what is -2355 + 9119?
6764
In base 4, what is -120101033322 + -3?
-120101033331
In base 4, what is 201 + 112033302221?
112033303022
In base 8, what is 3 + 60605151?
60605154
In base 13, what is -5402b8a - -2?
-5402b88
In base 14, what is 2c + -55bcc?
-55ba0
In base 15, what is -5 - -1e47887?
1e47882
In base 15, what is b7e - -e2a8?
ee37
In base 4, what is 2023210023020 + -13?
2023210023001
In base 11, what is -146410 + 4?
-146407
In base 5, what is 133423142343 - -3?
133423142401
In base 6, what is -341450 - -3015?
-334431
In base 2, what is 100101110001100011001100 - 1000001?
100101110001100010001011
In base 3, what is 2 + 102000012201022?
102000012201101
In base 15, what is 17c78be + 3?
17c78c2
In base 14, what is 60 + -1072b?
-106ab
In base 7, what is -2034601442 + -1?
-2034601443
In base 14, what is 32d5bb - 0?
32d5bb
In base 10, what is 35484 + -339?
35145
In base 12, what is -600225 - 8?
-600231
In base 15, what is 402 - 8c1d1?
-8bcce
In base 7, what is 124 + 11224055?
11224212
In base 8, what is 22 + -45654704?
-45654662
In base 7, what is 25 + -132425234?
-132425206
In base 15, what is -25e2399 + 4?
-25e2395
In base 14, what is -4 + -504d3b?
-504d41
In base 11, what is -273243 - 13?
-273256
In base 14, what is 7 - -493500?
493507
In base 4, what is -3102 - -3322103103?
3322100001
In base 8, what is -2030333 + 242?
-2030071
In base 11, what is -4 + -48875a?
-488763
In base 16, what is -a - -3d9?
3cf
In base 8, what is 300444 - 524?
277720
In base 5, what is -2343322 - 3030?
-2401402
In base 6, what is -225213245533 - -2?
-225213245531
In base 3, what is 10120120 + 20122?
10211012
In base 14, what is -33 - 90a696?
-90a6c9
In base 6, what is -3 + 201030305?
201030302
In base 8, what is -1062 + 6624?
5542
In base 12, what is -9615a07b - -5?
-9615a076
In base 2, what is 11111011011000111 + -1000101010101?
11110010101110010
In base 8, what is -14626 + -1021?
-15647
In base 5, what is 4 + 400424324?
400424333
In base 11, what is 29a5 + -837?
2169
In base 16, what is 2851b + 5?
28520
In base 7, what is 14 + 25113306?
25113323
In base 9, what is -7 - -1120360?
1120352
In base 11, what is 4 - -1a680898?
1a6808a1
In base 6, what is -1220142 - -104?
-1220034
In base 3, what is -10210121001 - 1222002?
-10212120010
In base 9, what is 2331714 + 1?
2331715
In base 14, what is 110d - 461db?
-450cc
In base 9, what is -688754 - 488?
-700353
In base 14, what is -1d4 + d0ab?
ccb7
In base 2, what is -10 - -1111101100011010111001011?
1111101100011010111001001
In base 16, what is 3fb6a + 36?
3fba0
In base 6, what is -333431421 + 111?
-333431310
In base 6, what is -532551200 + 5?
-532551151
In base 4, what is -201011 - 223031130?
-223232201
In base 5, what is -202 + 112000?
111243
In base 9, what is -200740 - -76?
-200653
In base 15, what is -20e + -1c1a8?
-1c3b7
In base 4, what is 110331 - 10130021010?
-10123310013
In base 4, what is 11 + 11300213030221?
11300213030232
In base 7, what is 61446 - -1442?
63221
In base 9, what is 8812137 - -1?
8812138
In base 5, what is -1 - 1002333202?
-1002333203
In base 7, what is 14612101155 + -2?
14612101153
In base 12, what is 0 + -2347121?
-2347121
In base 8, what is 31126576 + 5?
31126603
In base 7, what is 22603441 + -1113?
22602325
In base 12, what is -271a89b - 61?
-271a940
In base 12, what is -83449 + -4?
-83451
In base 14, what is -8abdb90 - 4?
-8abdb94
In base 5, what is -12323301221 - -1?
-12323301220
In base 6, what is -134500442 + -5?
-134500451
In base 16, what is -6 + a4619ec?
a4619e6
In base 14, what is -7 + -1674298?
-16742a1
In base 4, what is -10231 + 11230023330?
11230013033
In base 14, what is 1830cd - 7?
1830c6
In base 16, what is 77 + -16a63?
-169ec
In base 5, what is -32 + -123013023333?
-123013023420
In base 6, what is -305512412 + -113?
-305512525
In base 5, what is -10 + 33223033?
33223023
In base 4, what is -333 - 111113301302?
-111113302301
In base 14, what is 103a - 2c3?
b57
In base 12, what is 6242352 + -5?
6242349
In base 16, what is 3 + -142d99c?
-142d999
In base 16, what is -2699d8 - 7?
-2699df
In base 13, what is 0 + -1239a83?
-1239a83
In base 16, what is -1c20e0a7 - 0?
-1c20e0a7
In base 13, what is -5 - 9c17bc?
-9c17c4
In base 11, what is -30948 + 463?
-30495
In base 10, what is 5 + -2428568?
-2428563
In base 13, what is -3503b - -62?
-34ca9
In base 9, what is -4538826 - -151?
-4538665
In base 2, what is 100 + -1100011111110101001000?
-1100011111110101000100
In base 9, what is 6058416 + -1?
6058415
In base 8, what is 10 - -1653731?
1653741
In base 13, what is 7490c0 + -4?
7490b9
In base 9, what is 771 + 8154?
10035
In base 12, what is -3 + 1588220?
1588219
In base 5, what is -20320